{"id":29437,"date":"2021-02-16T17:22:13","date_gmt":"2021-02-16T17:22:13","guid":{"rendered":"https:\/\/gpsites.co\/brand\/?page_id=9"},"modified":"2023-12-17T22:10:31","modified_gmt":"2023-12-17T22:10:31","slug":"home","status":"publish","type":"page","link":"https:\/\/kaunokotedzas.lt\/","title":{"rendered":"Pagrindinis"},"content":{"rendered":"<div class=\"gb-container gb-container-912ca253\" id=\"introduction\">\n\n<h1 class=\"gb-headline gb-headline-d1e8a89e gb-headline-text\" id=\"igyvendinti-projektai\">\u012egyvendinti projektai <\/h1>\n\n<\/div>\n\n<div class=\"gb-container gb-container-498a16dc\" id=\"our-brand\">\n\n<div class=\"gb-headline gb-headline-3b731148 gb-headline-text\" id=\"KANIAVISKIU\">Kaniavi\u0161ki\u0173 g., Vilnius<\/div>\n\n\n\n<figure class=\"wp-block-gallery has-nested-images columns-default is-cropped wp-block-gallery-1 is-layout-flex wp-block-gallery-is-layout-flex\">\n<figure class=\"wp-block-image size-large\"><img loading=\"lazy\" decoding=\"async\" width=\"1024\" height=\"537\" data-id=\"29452\" src=\"https:\/\/kaunokotedzas.lt\/wp-content\/uploads\/2023\/12\/2.jpg\" alt=\"\" class=\"wp-image-29452\" srcset=\"https:\/\/kaunokotedzas.lt\/wp-content\/uploads\/2023\/12\/2.jpg 1024w, https:\/\/kaunokotedzas.lt\/wp-content\/uploads\/2023\/12\/2-300x157.jpg 300w, https:\/\/kaunokotedzas.lt\/wp-content\/uploads\/2023\/12\/2-768x403.jpg 768w\" sizes=\"auto, (max-width: 1024px) 100vw, 1024px\" \/><\/figure>\n\n\n\n<figure class=\"wp-block-image size-large\"><img loading=\"lazy\" decoding=\"async\" width=\"1024\" height=\"683\" data-id=\"29447\" src=\"https:\/\/kaunokotedzas.lt\/wp-content\/uploads\/2023\/12\/7.jpg\" alt=\"\" class=\"wp-image-29447\" srcset=\"https:\/\/kaunokotedzas.lt\/wp-content\/uploads\/2023\/12\/7.jpg 1024w, https:\/\/kaunokotedzas.lt\/wp-content\/uploads\/2023\/12\/7-300x200.jpg 300w, https:\/\/kaunokotedzas.lt\/wp-content\/uploads\/2023\/12\/7-768x512.jpg 768w\" sizes=\"auto, (max-width: 1024px) 100vw, 1024px\" \/><\/figure>\n\n\n\n<figure class=\"wp-block-image size-large\"><img loading=\"lazy\" decoding=\"async\" width=\"1024\" height=\"768\" data-id=\"29448\" src=\"https:\/\/kaunokotedzas.lt\/wp-content\/uploads\/2023\/12\/2014-01-17-15.08.52.jpg\" alt=\"\" class=\"wp-image-29448\" srcset=\"https:\/\/kaunokotedzas.lt\/wp-content\/uploads\/2023\/12\/2014-01-17-15.08.52.jpg 1024w, https:\/\/kaunokotedzas.lt\/wp-content\/uploads\/2023\/12\/2014-01-17-15.08.52-300x225.jpg 300w, https:\/\/kaunokotedzas.lt\/wp-content\/uploads\/2023\/12\/2014-01-17-15.08.52-768x576.jpg 768w\" sizes=\"auto, (max-width: 1024px) 100vw, 1024px\" \/><\/figure>\n\n\n\n<figure class=\"wp-block-image size-large\"><img loading=\"lazy\" decoding=\"async\" width=\"1024\" height=\"768\" data-id=\"29449\" src=\"https:\/\/kaunokotedzas.lt\/wp-content\/uploads\/2023\/12\/2014-01-17-15.10.30.jpg\" alt=\"\" class=\"wp-image-29449\" srcset=\"https:\/\/kaunokotedzas.lt\/wp-content\/uploads\/2023\/12\/2014-01-17-15.10.30.jpg 1024w, https:\/\/kaunokotedzas.lt\/wp-content\/uploads\/2023\/12\/2014-01-17-15.10.30-300x225.jpg 300w, https:\/\/kaunokotedzas.lt\/wp-content\/uploads\/2023\/12\/2014-01-17-15.10.30-768x576.jpg 768w\" sizes=\"auto, (max-width: 1024px) 100vw, 1024px\" \/><\/figure>\n\n\n\n<figure class=\"wp-block-image size-large\"><img loading=\"lazy\" decoding=\"async\" width=\"1024\" height=\"768\" data-id=\"29450\" src=\"https:\/\/kaunokotedzas.lt\/wp-content\/uploads\/2023\/12\/20150226_120324.jpg\" alt=\"\" class=\"wp-image-29450\" srcset=\"https:\/\/kaunokotedzas.lt\/wp-content\/uploads\/2023\/12\/20150226_120324.jpg 1024w, https:\/\/kaunokotedzas.lt\/wp-content\/uploads\/2023\/12\/20150226_120324-300x225.jpg 300w, https:\/\/kaunokotedzas.lt\/wp-content\/uploads\/2023\/12\/20150226_120324-768x576.jpg 768w\" sizes=\"auto, (max-width: 1024px) 100vw, 1024px\" \/><\/figure>\n\n\n\n<figure class=\"wp-block-image size-large\"><img loading=\"lazy\" decoding=\"async\" width=\"1024\" height=\"768\" data-id=\"29451\" src=\"https:\/\/kaunokotedzas.lt\/wp-content\/uploads\/2023\/12\/20150226_120444.jpg\" alt=\"\" class=\"wp-image-29451\" srcset=\"https:\/\/kaunokotedzas.lt\/wp-content\/uploads\/2023\/12\/20150226_120444.jpg 1024w, https:\/\/kaunokotedzas.lt\/wp-content\/uploads\/2023\/12\/20150226_120444-300x225.jpg 300w, https:\/\/kaunokotedzas.lt\/wp-content\/uploads\/2023\/12\/20150226_120444-768x576.jpg 768w\" sizes=\"auto, (max-width: 1024px) 100vw, 1024px\" \/><\/figure>\n<\/figure>\n\n<\/div>\n\n<div class=\"gb-container gb-container-686252b9\" id=\"our-brand\">\n\n<div class=\"gb-headline gb-headline-7a112dc2 gb-headline-text\" id=\"SENIAVOS\">Seniavos g., Kaunas<\/div>\n\n\n\n<figure class=\"wp-block-gallery has-nested-images columns-default is-cropped wp-block-gallery-2 is-layout-flex wp-block-gallery-is-layout-flex\">\n<figure class=\"wp-block-image size-large\"><img loading=\"lazy\" decoding=\"async\" width=\"1024\" height=\"768\" data-id=\"29453\" src=\"https:\/\/kaunokotedzas.lt\/wp-content\/uploads\/2023\/12\/20141103_155041.jpg\" alt=\"\" class=\"wp-image-29453\" srcset=\"https:\/\/kaunokotedzas.lt\/wp-content\/uploads\/2023\/12\/20141103_155041.jpg 1024w, https:\/\/kaunokotedzas.lt\/wp-content\/uploads\/2023\/12\/20141103_155041-300x225.jpg 300w, https:\/\/kaunokotedzas.lt\/wp-content\/uploads\/2023\/12\/20141103_155041-768x576.jpg 768w\" sizes=\"auto, (max-width: 1024px) 100vw, 1024px\" \/><\/figure>\n\n\n\n<figure class=\"wp-block-image size-large\"><img loading=\"lazy\" decoding=\"async\" width=\"1024\" height=\"768\" data-id=\"29461\" src=\"https:\/\/kaunokotedzas.lt\/wp-content\/uploads\/2023\/12\/20141103_155400.jpg\" alt=\"\" class=\"wp-image-29461\" srcset=\"https:\/\/kaunokotedzas.lt\/wp-content\/uploads\/2023\/12\/20141103_155400.jpg 1024w, https:\/\/kaunokotedzas.lt\/wp-content\/uploads\/2023\/12\/20141103_155400-300x225.jpg 300w, https:\/\/kaunokotedzas.lt\/wp-content\/uploads\/2023\/12\/20141103_155400-768x576.jpg 768w\" sizes=\"auto, (max-width: 1024px) 100vw, 1024px\" \/><\/figure>\n\n\n\n<figure class=\"wp-block-image size-large\"><img loading=\"lazy\" decoding=\"async\" width=\"1024\" height=\"768\" data-id=\"29454\" src=\"https:\/\/kaunokotedzas.lt\/wp-content\/uploads\/2023\/12\/20141206_093057.jpg\" alt=\"\" class=\"wp-image-29454\" srcset=\"https:\/\/kaunokotedzas.lt\/wp-content\/uploads\/2023\/12\/20141206_093057.jpg 1024w, https:\/\/kaunokotedzas.lt\/wp-content\/uploads\/2023\/12\/20141206_093057-300x225.jpg 300w, https:\/\/kaunokotedzas.lt\/wp-content\/uploads\/2023\/12\/20141206_093057-768x576.jpg 768w\" sizes=\"auto, (max-width: 1024px) 100vw, 1024px\" \/><\/figure>\n\n\n\n<figure class=\"wp-block-image size-large\"><img loading=\"lazy\" decoding=\"async\" width=\"1024\" height=\"768\" data-id=\"29458\" src=\"https:\/\/kaunokotedzas.lt\/wp-content\/uploads\/2023\/12\/20141231_140245.jpg\" alt=\"\" class=\"wp-image-29458\" srcset=\"https:\/\/kaunokotedzas.lt\/wp-content\/uploads\/2023\/12\/20141231_140245.jpg 1024w, https:\/\/kaunokotedzas.lt\/wp-content\/uploads\/2023\/12\/20141231_140245-300x225.jpg 300w, https:\/\/kaunokotedzas.lt\/wp-content\/uploads\/2023\/12\/20141231_140245-768x576.jpg 768w\" sizes=\"auto, (max-width: 1024px) 100vw, 1024px\" \/><\/figure>\n\n\n\n<figure class=\"wp-block-image size-large\"><img loading=\"lazy\" decoding=\"async\" width=\"1024\" height=\"768\" data-id=\"29457\" src=\"https:\/\/kaunokotedzas.lt\/wp-content\/uploads\/2023\/12\/20150423_172155.jpg\" alt=\"\" class=\"wp-image-29457\" srcset=\"https:\/\/kaunokotedzas.lt\/wp-content\/uploads\/2023\/12\/20150423_172155.jpg 1024w, https:\/\/kaunokotedzas.lt\/wp-content\/uploads\/2023\/12\/20150423_172155-300x225.jpg 300w, https:\/\/kaunokotedzas.lt\/wp-content\/uploads\/2023\/12\/20150423_172155-768x576.jpg 768w\" sizes=\"auto, (max-width: 1024px) 100vw, 1024px\" \/><\/figure>\n\n\n\n<figure class=\"wp-block-image size-large\"><img loading=\"lazy\" decoding=\"async\" width=\"1024\" height=\"768\" data-id=\"29460\" src=\"https:\/\/kaunokotedzas.lt\/wp-content\/uploads\/2023\/12\/20150515_200543.jpg\" alt=\"\" class=\"wp-image-29460\" srcset=\"https:\/\/kaunokotedzas.lt\/wp-content\/uploads\/2023\/12\/20150515_200543.jpg 1024w, https:\/\/kaunokotedzas.lt\/wp-content\/uploads\/2023\/12\/20150515_200543-300x225.jpg 300w, https:\/\/kaunokotedzas.lt\/wp-content\/uploads\/2023\/12\/20150515_200543-768x576.jpg 768w\" sizes=\"auto, (max-width: 1024px) 100vw, 1024px\" \/><\/figure>\n\n\n\n<figure class=\"wp-block-image size-large\"><img loading=\"lazy\" decoding=\"async\" width=\"1024\" height=\"768\" data-id=\"29455\" src=\"https:\/\/kaunokotedzas.lt\/wp-content\/uploads\/2023\/12\/20150709_204656.jpg\" alt=\"\" class=\"wp-image-29455\" srcset=\"https:\/\/kaunokotedzas.lt\/wp-content\/uploads\/2023\/12\/20150709_204656.jpg 1024w, https:\/\/kaunokotedzas.lt\/wp-content\/uploads\/2023\/12\/20150709_204656-300x225.jpg 300w, https:\/\/kaunokotedzas.lt\/wp-content\/uploads\/2023\/12\/20150709_204656-768x576.jpg 768w\" sizes=\"auto, (max-width: 1024px) 100vw, 1024px\" \/><\/figure>\n\n\n\n<figure class=\"wp-block-image size-large\"><img loading=\"lazy\" decoding=\"async\" width=\"1024\" height=\"674\" data-id=\"29456\" src=\"https:\/\/kaunokotedzas.lt\/wp-content\/uploads\/2023\/12\/Seniava-1.jpg\" alt=\"\" class=\"wp-image-29456\" srcset=\"https:\/\/kaunokotedzas.lt\/wp-content\/uploads\/2023\/12\/Seniava-1.jpg 1024w, https:\/\/kaunokotedzas.lt\/wp-content\/uploads\/2023\/12\/Seniava-1-300x197.jpg 300w, https:\/\/kaunokotedzas.lt\/wp-content\/uploads\/2023\/12\/Seniava-1-768x506.jpg 768w\" sizes=\"auto, (max-width: 1024px) 100vw, 1024px\" \/><\/figure>\n\n\n\n<figure class=\"wp-block-image size-large\"><img loading=\"lazy\" decoding=\"async\" width=\"1024\" height=\"683\" data-id=\"29459\" src=\"https:\/\/kaunokotedzas.lt\/wp-content\/uploads\/2023\/12\/Seniava-2.jpg\" alt=\"\" class=\"wp-image-29459\" srcset=\"https:\/\/kaunokotedzas.lt\/wp-content\/uploads\/2023\/12\/Seniava-2.jpg 1024w, https:\/\/kaunokotedzas.lt\/wp-content\/uploads\/2023\/12\/Seniava-2-300x200.jpg 300w, https:\/\/kaunokotedzas.lt\/wp-content\/uploads\/2023\/12\/Seniava-2-768x512.jpg 768w\" sizes=\"auto, (max-width: 1024px) 100vw, 1024px\" \/><\/figure>\n<\/figure>\n\n<\/div>\n\n<div class=\"gb-container gb-container-0cc09b6c\" id=\"our-brand\">\n\n<div class=\"gb-headline gb-headline-08794371 gb-headline-text\">Sod\u0173 2-oji g., Vilnius<\/div>\n\n\n\n<figure class=\"wp-block-gallery has-nested-images columns-default is-cropped wp-block-gallery-3 is-layout-flex wp-block-gallery-is-layout-flex\">\n<figure class=\"wp-block-image size-large\"><img loading=\"lazy\" decoding=\"async\" width=\"1024\" height=\"537\" data-id=\"29452\" src=\"https:\/\/kaunokotedzas.lt\/wp-content\/uploads\/2023\/12\/2.jpg\" alt=\"\" class=\"wp-image-29452\" srcset=\"https:\/\/kaunokotedzas.lt\/wp-content\/uploads\/2023\/12\/2.jpg 1024w, https:\/\/kaunokotedzas.lt\/wp-content\/uploads\/2023\/12\/2-300x157.jpg 300w, https:\/\/kaunokotedzas.lt\/wp-content\/uploads\/2023\/12\/2-768x403.jpg 768w\" sizes=\"auto, (max-width: 1024px) 100vw, 1024px\" \/><\/figure>\n\n\n\n<figure class=\"wp-block-image size-large\"><img loading=\"lazy\" decoding=\"async\" width=\"1024\" height=\"683\" data-id=\"29447\" src=\"https:\/\/kaunokotedzas.lt\/wp-content\/uploads\/2023\/12\/7.jpg\" alt=\"\" class=\"wp-image-29447\" srcset=\"https:\/\/kaunokotedzas.lt\/wp-content\/uploads\/2023\/12\/7.jpg 1024w, https:\/\/kaunokotedzas.lt\/wp-content\/uploads\/2023\/12\/7-300x200.jpg 300w, https:\/\/kaunokotedzas.lt\/wp-content\/uploads\/2023\/12\/7-768x512.jpg 768w\" sizes=\"auto, (max-width: 1024px) 100vw, 1024px\" \/><\/figure>\n\n\n\n<figure class=\"wp-block-image size-large\"><img loading=\"lazy\" decoding=\"async\" width=\"1024\" height=\"768\" data-id=\"29448\" src=\"https:\/\/kaunokotedzas.lt\/wp-content\/uploads\/2023\/12\/2014-01-17-15.08.52.jpg\" alt=\"\" class=\"wp-image-29448\" srcset=\"https:\/\/kaunokotedzas.lt\/wp-content\/uploads\/2023\/12\/2014-01-17-15.08.52.jpg 1024w, https:\/\/kaunokotedzas.lt\/wp-content\/uploads\/2023\/12\/2014-01-17-15.08.52-300x225.jpg 300w, https:\/\/kaunokotedzas.lt\/wp-content\/uploads\/2023\/12\/2014-01-17-15.08.52-768x576.jpg 768w\" sizes=\"auto, (max-width: 1024px) 100vw, 1024px\" \/><\/figure>\n\n\n\n<figure class=\"wp-block-image size-large\"><img loading=\"lazy\" decoding=\"async\" width=\"1024\" height=\"768\" data-id=\"29449\" src=\"https:\/\/kaunokotedzas.lt\/wp-content\/uploads\/2023\/12\/2014-01-17-15.10.30.jpg\" alt=\"\" class=\"wp-image-29449\" srcset=\"https:\/\/kaunokotedzas.lt\/wp-content\/uploads\/2023\/12\/2014-01-17-15.10.30.jpg 1024w, https:\/\/kaunokotedzas.lt\/wp-content\/uploads\/2023\/12\/2014-01-17-15.10.30-300x225.jpg 300w, https:\/\/kaunokotedzas.lt\/wp-content\/uploads\/2023\/12\/2014-01-17-15.10.30-768x576.jpg 768w\" sizes=\"auto, (max-width: 1024px) 100vw, 1024px\" \/><\/figure>\n\n\n\n<figure class=\"wp-block-image size-large\"><img loading=\"lazy\" decoding=\"async\" width=\"1024\" height=\"768\" data-id=\"29450\" src=\"https:\/\/kaunokotedzas.lt\/wp-content\/uploads\/2023\/12\/20150226_120324.jpg\" alt=\"\" class=\"wp-image-29450\" srcset=\"https:\/\/kaunokotedzas.lt\/wp-content\/uploads\/2023\/12\/20150226_120324.jpg 1024w, https:\/\/kaunokotedzas.lt\/wp-content\/uploads\/2023\/12\/20150226_120324-300x225.jpg 300w, https:\/\/kaunokotedzas.lt\/wp-content\/uploads\/2023\/12\/20150226_120324-768x576.jpg 768w\" sizes=\"auto, (max-width: 1024px) 100vw, 1024px\" \/><\/figure>\n\n\n\n<figure class=\"wp-block-image size-large\"><img loading=\"lazy\" decoding=\"async\" width=\"1024\" height=\"768\" data-id=\"29451\" src=\"https:\/\/kaunokotedzas.lt\/wp-content\/uploads\/2023\/12\/20150226_120444.jpg\" alt=\"\" class=\"wp-image-29451\" srcset=\"https:\/\/kaunokotedzas.lt\/wp-content\/uploads\/2023\/12\/20150226_120444.jpg 1024w, https:\/\/kaunokotedzas.lt\/wp-content\/uploads\/2023\/12\/20150226_120444-300x225.jpg 300w, https:\/\/kaunokotedzas.lt\/wp-content\/uploads\/2023\/12\/20150226_120444-768x576.jpg 768w\" sizes=\"auto, (max-width: 1024px) 100vw, 1024px\" \/><\/figure>\n<\/figure>\n\n<\/div>\n\n<div class=\"gb-container gb-container-b915d668\" id=\"introduction\">\n\n<h1 class=\"gb-headline gb-headline-84210e54 gb-headline-text\" id=\"kontaktai\">Kontaktai<\/h1>\n\n\n\n<p><strong>\u012emon\u0117s kodas:<\/strong>\u00a0304069363<br><strong>PVM mok\u0117tojo kodas:<\/strong>\u00a0LT100009943013\u00a0<br><strong>Adresas: <\/strong>Als\u0117d\u017ei\u0173 g. 8, LT-44455 Kaunas<br><strong>Direktorius:<\/strong> Ram\u016bnas Gavelis<br><strong>Mob. tel.<\/strong> +370 698 04340<br><strong>El. pa\u0161tas:<\/strong>\u00a0<a href=\"mailto:info@kaunokotedzas.lt\">info@kaunokotedzas.lt<\/a><\/p>\n\n<\/div>","protected":false},"excerpt":{"rendered":"<p>\u012egyvendinti projektai Kaniavi\u0161ki\u0173 g., Vilnius Seniavos g., Kaunas Sod\u0173 2-oji g., Vilnius Kontaktai \u012emon\u0117s kodas:\u00a0304069363PVM mok\u0117tojo kodas:\u00a0LT100009943013\u00a0Adresas: Als\u0117d\u017ei\u0173 g. 8, LT-44455 KaunasDirektorius: Ram\u016bnas GavelisMob. tel. +370 698 04340El. pa\u0161tas:\u00a0info@kaunokotedzas.lt<\/p>\n","protected":false},"author":1,"featured_media":0,"parent":0,"menu_order":0,"comment_status":"closed","ping_status":"closed","template":"","meta":{"footnotes":""},"class_list":["post-29437","page","type-page","status-publish"],"_links":{"self":[{"href":"https:\/\/kaunokotedzas.lt\/index.php?rest_route=\/wp\/v2\/pages\/29437","targetHints":{"allow":["GET"]}}],"collection":[{"href":"https:\/\/kaunokotedzas.lt\/index.php?rest_route=\/wp\/v2\/pages"}],"about":[{"href":"https:\/\/kaunokotedzas.lt\/index.php?rest_route=\/wp\/v2\/types\/page"}],"author":[{"embeddable":true,"href":"https:\/\/kaunokotedzas.lt\/index.php?rest_route=\/wp\/v2\/users\/1"}],"replies":[{"embeddable":true,"href":"https:\/\/kaunokotedzas.lt\/index.php?rest_route=%2Fwp%2Fv2%2Fcomments&post=29437"}],"version-history":[{"count":14,"href":"https:\/\/kaunokotedzas.lt\/index.php?rest_route=\/wp\/v2\/pages\/29437\/revisions"}],"predecessor-version":[{"id":29481,"href":"https:\/\/kaunokotedzas.lt\/index.php?rest_route=\/wp\/v2\/pages\/29437\/revisions\/29481"}],"wp:attachment":[{"href":"https:\/\/kaunokotedzas.lt\/index.php?rest_route=%2Fwp%2Fv2%2Fmedia&parent=29437"}],"curies":[{"name":"wp","href":"https:\/\/api.w.org\/{rel}","templated":true}]}}